 -k - 5 = -4*y + y. Suppose k*h - 5 = 3. Suppose -h*o + 44 = 2*o. What is the highest common divisor of o and 33?
11
Let r(c) = -c**2 + 9*c - 4. Let u be r(6). Calculate the highest common divisor of 7 and u.
7
Let s(j) = 2*j**2 + 21. Let m be s(0). Suppose -x = -5*u - 32, 0*x - 4*x + 3 = 5*u. Calculate the highest common divisor of m and x.
7
Suppose 4*n - 7*n = -228. What is the highest common factor of 19 and n?
19
Let v(p) = 3*p - 1. Let m be v(5). Suppose -y + 0*y = -70. What is the highest common divisor of y and m?
14
Suppose -a = 3*a - 224. Let q(f) = -6*f + 43. Let r be q(6). What is the greatest common factor of a and r?
7
Let g = -51 + 111. Let n be (-1)/4 + 4/16. Suppose -2*y + 6*y + 16 = n, -3*y = a. What is the greatest common divisor of g and a?
12
Suppose 19*o = 6*o + 2548. Calculate the greatest common divisor of o and 28.
28
Let f = -6 + 19. What is the highest common factor of 117 and f?
13
Suppose -3*m + 2*m + 28 = 5*c, 5*m - 2*c - 140 = 0. What is the greatest common factor of m and 84?
28
Let x be -1 + (1 - (-20)/2). Let d be 444/x + 2/(-5). Calculate the highest common divisor of 22 and d.
22
Let i = 250 - 140. What is the highest common factor of i and 10?
10
Suppose -5*z = -0*z - 135. Calculate the greatest common divisor of z and 9.
9
Let z = 14 - 9. Suppose 0 = -3*p + 4*x + 85, 3*x = -3*p - 0*p + 120. Calculate the highest common factor of p and z.
5
Let a = 130 - 46. Suppose -3*s + 0*s = -4*o - 80, 3*s - 3*o = a. Let b = 3 + 1. What is the highest common factor of b and s?
4
Let w(h) = -h**3 + h. Let z be w(0). Let g be -1*(z - -1) - -21. Let s(n) = 37*n - 81. Let f be s(3). Calculate the greatest common divisor of f and g.
10
Suppose 2*w - 4*w - 664 = 4*y, -5*w + 20 = 0. Let c = y + 105. Let b be (-2 + 1)*c*1. Calculate the greatest common divisor of b and 7.
7
Let m(i) = 6*i**3 - 5*i**2 + 4*i - 3. Let y be m(3). What is the greatest common factor of 14 and y?
14
Let h = 44 + -40. Suppose 0 = 2*p + p - 1368. Suppose l = h*l - p. What is the highest common factor of l and 19?
19
Let x(t) = t**2 - 5*t - 1. Let q be x(6). Suppose -q*m = 4*l - 18, 3*l + 5 = -5*m + 21. Suppose -2 = -2*j + j. Calculate the highest common divisor of m and j.
2
Let w = -15 - -28. What is the highest common factor of w and 65?
13
Suppose -y = 3*i + 24, 4*y - 18 - 39 = 5*i. Let a = i + 18. What is the greatest common divisor of 36 and a?
9
Suppose -3*s + 135 = -0*s. Let d be ((-3)/2)/((-9)/24). Let v be d - (-3 + (-2)/(-1)). Calculate the greatest common factor of v and s.
5
Suppose 8 + 6 = 7*b. What is the highest common divisor of b and 16?
2
Suppose -2*t - 3*y - 4 = 0, 4*t + y = -0*y - 8. Let n be (16/(-4))/(t/8). Calculate the greatest common divisor of n and 64.
16
Let z be 187/5 + (-15)/(-25). Let p be 12/(-3 - z/(-12)). What is the greatest common factor of p and 8?
8
Suppose 2*u = -6 - 4, 0 = 3*j - 2*u + 152. Let x be -4*j/4*2. Suppose -4*v - x = -492. What is the highest common divisor of 12 and v?
12
Let u(b) be the third derivative of -b**6/120 + b**5/20 - b**4/24 - 3*b**2. Let h be u(2). Calculate the greatest common divisor of h and 6.
2
Suppose -3*z = -4*x - 37, 4*z + 0*x - 2*x = 46. Calculate the greatest common divisor of 44 and z.
11
Suppose 8*r - 30 = 3*r. Suppose 3*z - 6 = 0, 3*f - 5*z = -0*f + 134. Suppose 2*i = f + 36. Calculate the greatest common divisor of i and r.
6
Suppose -k - 5 = -49. Calculate the highest common divisor of k and 4.
4
Let j(b) = 9*b + 3. Let d(r) = 8*r + 3. Let o(g) = -5*d(g) + 4*j(g). Let l be o(-3). What is the highest common divisor of 45 and l?
9
Let r(v) = 4*v**2 + v + 1. Let o be r(2). Let j = -11 + o. Calculate the greatest common divisor of j and 32.
8
Let d be 1/((-1)/20*-4). Suppose -20 = t - d*t. Calculate the greatest common factor of t and 40.
5
Let s be -7*(30/8)/(70/(-640)). Calculate the highest common factor of s and 30.
30
Let a(t) = 12*t. Let w be a(5). Let s be (1 - (-2)/2) + 12. Let v be s + (-3 - -1)/(-2). What is the highest common factor of w and v?
15
Suppose 0 = -3*j - 2 + 128. Calculate the highest common divisor of j and 63.
21
Suppose 0 = -o - 2*o + 60. Let u = 0 + o. Calculate the highest common divisor of 10 and u.
10
Suppose 0*u = 3*u - 60. Suppose b - 5*b = -u. Calculate the highest common divisor of b and 55.
5
Suppose 0 = 2*q - 4*q + 5*i + 36, -4*i = 2*q. Suppose 3*l + 5*m = -q, l + 4*m = -m - 16. What is the greatest common factor of 28 and l?
4
Let r(l) = -l**3 + 10*l**2 + 12*l - 8. Let k be r(11). Let v be 1/k + 1810/15. Calculate the highest common factor of 11 and v.
11
Let x = -2 - -8. Let o = 1006 + -988. Calculate the greatest common divisor of x and o.
6
Let h(b) = -b**2 - 21*b - 12. Let u be h(-15). What is the greatest common factor of 52 and u?
26
Let l = 37 - 25. Calculate the highest common divisor of l and 228.
12
Suppose 0 = -5*u - 17 + 47. Suppose 4*l = 2*l - u. Let r = 3 - l. What is the highest common divisor of r and 2?
2
Let q = -3 + 6. Suppose -k = -0*k - q. What is the greatest common divisor of 3 and k?
3
Let g(s) = 2*s + 111. Let i be g(0). What is the greatest common factor of 37 and i?
37
Suppose 87 + 408 = 15*s. Calculate the greatest common factor of s and 264.
33
Let u be 3 - 114/42 - 192/(-14). What is the greatest common divisor of u and 35?
7
Let d = -7 - -7. Suppose -b + 5*i + 11 = 0, 2*b - 2*i + 7*i - 37 = d. Let n = -6 - -8. Calculate the greatest common factor of b and n.
2
Let k be 4/(-24)*-4*3. Suppose -3*g - 46 = -4*a + 2*g, k*g = 2*a - 22. What is the greatest common divisor of 18 and a?
9
Suppose 0 = -f + 63 + 3. Let u be f/(((-12)/9)/(-2)). Calculate the highest common divisor of 11 and u.
11
Suppose -3*i = 5*z - 12 - 31, 5*z - 4*i - 71 = 0. What is the greatest common divisor of z and 33?
11
Suppose 4*l - 33 = 27. Let m be 6/9*(l - 3). Let i(j) = -j**3 + 7*j**2 + 8*j + 6. Let b be i(m). What is the greatest common divisor of b and 6?
6
Suppose -2*w + 2*n = -50, 2*w + 2*n = -w + 100. What is the highest common divisor of 15 and w?
15
Let f be 5*(2 - (-32)/(-20)). What is the greatest common divisor of f and 4?
2
Suppose 4*n + 14 - 78 = 0. Calculate the greatest common factor of 304 and n.
16
Let l(q) = q**2 - 2*q - 4. Let b be l(3). Let n be b/(1/2 - 1). Let x = 37 - 35. What is the greatest common divisor of x and n?
2
Let f(i) = -i**3 - i**2 - 4*i - 4. Let v be f(-3). What is the greatest common factor of 104 and v?
26
Let s(t) be the first derivative of t**3/3 + 9*t**2/2 + t + 2. Let i be s(-9). Let y be (20/(-3))/(i/(-3)). What is the highest common divisor of 4 and y?
4
Let l(s) = s**2 + 6*s - 8. Let h be l(-7). Let b = 5 + h. Suppose -x + b + 14 = 0. What is the greatest common divisor of 3 and x?
3
Let n(r) = -r + 32. Let y be n(13). What is the highest common divisor of 38 and y?
19
Suppose -5*o = -4*o - 56. Suppose -4*j + 26 = 6. Suppose -j*h - 3*r = -4*r - 31, 4*r = h + 9. Calculate the greatest common factor of h and o.
7
Let f = -44 + 74. What is the highest common divisor of 270 and f?
30
Suppose 42 = 14*x - 8*x. What is the highest common factor of 49 and x?
7
Let j(l) = l**2 + 6*l + 2. Let b be j(-6). What is the greatest common divisor of 7 and b?
1
Suppose -3*c + 2*c = -92. Suppose 5*u - c = 33. Calculate the highest common factor of 25 and u.
25
Let b(l) = l**2 - 6*l + 16. Let z be b(5). What is the greatest common divisor of 66 and z?
11
Suppose -3*p = 3*k - 12, 0 = 4*k - 8*k - 2*p + 12. Calculate the greatest common divisor of k and 5.
1
Let t = 72 + 212. Let i = t - 199. Calculate the greatest common divisor of i and 34.
17
Let q = 33 - 16. Let h = 4 + -1. Suppose -5*j = q + h, 20 = a - 4*j. What is the greatest common factor of a and 12?
4
Let d(g) = g**2 - 11*g - 4. Let c be d(8). Let j = c - -116. Suppose 3*u - j = 20. Calculate the greatest common divisor of u and 4.
4
Let c(n) = -3*n**2 + 233 + 30*n**2 + 34*n**2 - 234. Let a be -2 - (-1)/(1/1). Let d be c(a). Calculate the highest common factor of 24 and d.
12
Let g(l) = -l**3 + 10*l**2 - 2*l + 10. Let x be g(10). Let n be (-66)/x + 2/5. Calculate the greatest common divisor of n and 49.
7
Let w be (2/3)/(5/15). Suppose -w*i + 13 + 17 = 0. Let r = -27 - -132. What is the highest common factor of r and i?
15
Let k = 10 - 2. Let y be (-1)/2*k